7394707?
31, 401, 471997
List the prime factors of 90323020.
2, 5, 4516151
List the prime factors of 24921401.
24921401
List the prime factors of 41316167.
151, 273617
What are the prime factors of 73033125?
3, 5, 11, 3541
List the prime factors of 181722947.
7, 37, 41, 109, 157
List the prime factors of 171446762.
2, 43, 773, 2579
What are the prime factors of 1274895531?
3, 7, 13, 257, 673
List the prime factors of 398199180.
2, 3, 5, 37, 179369
List the prime factors of 3966937116.
2, 3, 19, 61, 285227
List the prime factors of 2631285.
3, 5, 73, 89
List the prime factors of 36226773.
3, 11, 137, 2671
What are the prime factors of 21416523?
3, 7138841
List the prime factors of 194757357.
3, 73, 79, 11257
What are the prime factors of 100887234?
2, 3, 7, 37, 64921
What are the prime factors of 2343896989?
7, 334842427
What are the prime factors of 5096163616?
2, 159255113
List the prime factors of 368982044.
2, 223, 373, 1109
List the prime factors of 2948669.
23, 128203
What are the prime factors of 2897522096?
2, 7, 37, 59, 1693
What are the prime factors of 1642334025?
3, 5, 1259, 17393
What are the prime factors of 2495531808?
2, 3, 7, 11, 37511
List the prime factors of 532870977.
3, 269, 317, 2083
What are the prime factors of 109819029?
3, 197, 185819
List the prime factors of 62224159.
179, 347621
What are the prime factors of 520263606?
2, 3, 1787, 48523
List the prime factors of 858994898.
2, 429497449
What are the prime factors of 322365881?
139, 2319179
List the prime factors of 2166463450.
2, 5, 43329269
What are the prime factors of 134025279?
3, 2111, 21163
List the prime factors of 3656206056.
2, 3, 163, 934613
What are the prime factors of 147726172?
2, 11, 3357413
What are the prime factors of 236014939?
1091, 216329
What are the prime factors of 2241175902?
2, 3, 7, 173, 308447
List the prime factors of 680323917.
3, 7, 13, 71, 35099
List the prime factors of 263153073.
3, 87717691
List the prime factors of 256084115.
5, 7, 173, 42293
What are the prime factors of 19675125?
3, 5, 17489
List the prime factors of 344487766.
2, 7, 24606269
List the prime factors of 327980287.
163, 331, 6079
List the prime factors of 72331543.
47, 61, 25229
What are the prime factors of 57549468?
2, 3, 4795789
What are the prime factors of 255336919?
4523, 56453
What are the prime factors of 2703587235?
3, 5, 19, 1171, 8101
List the prime factors of 184885444.
2, 46221361
List the prime factors of 121399882.
2, 61, 995081
List the prime factors of 587269286.
2, 107, 179, 15331
List the prime factors of 224473638.
2, 3, 19, 373, 5279
List the prime factors of 368029063.
1823, 201881
What are the prime factors of 42089153?
499, 84347
What are the prime factors of 1487865313?
11, 17, 139, 57241
What are the prime factors of 1361886968?
2, 13, 3301, 3967
List the prime factors of 10551856.
2, 7, 43, 313
List the prime factors of 370244548.
2, 92561137
List the prime factors of 1540840020.
2, 3, 5, 139, 184753
List the prime factors of 29518702.
2, 14759351
List the prime factors of 82841747.
419, 197713
What are the prime factors of 136899239?
136899239
What are the prime factors of 108984105?
3, 5, 881, 2749
What are the prime factors of 140138064?
2, 3, 11, 88471
List the prime factors of 154080667.
13, 11852359
What are the prime factors of 83973078?
2, 3, 7, 222151
List the prime factors of 292224575.
5, 11688983
List the prime factors of 2222054584.
2, 43, 839, 7699
List the prime factors of 3309406718.
2, 1654703359
List the prime factors of 58516826.
2, 83, 352511
List the prime factors of 2737680847.
11, 547, 454991
List the prime factors of 148339764.
2, 3, 19, 137, 1583
List the prime factors of 15901328.
2, 19, 2753
What are the prime factors of 33169810?
2, 5, 3316981
List the prime factors of 390813569.
390813569
What are the prime factors of 4077784241?
23, 3511, 50497
List the prime factors of 146539056.
2, 3, 3052897
What are the prime factors of 8562102?
2, 3, 1427017
What are the prime factors of 116334132?
2, 3, 643, 15077
List the prime factors of 3898946.
2, 1949473
List the prime factors of 2553773384.
2, 319221673
List the prime factors of 143484990.
2, 3, 5, 11, 434803
List the prime factors of 44322594.
2, 3, 43, 171793
What are the prime factors of 998629707?
3, 67, 73, 68059
What are the prime factors of 47200900?
2, 5, 37, 12757
What are the prime factors of 39168368?
2, 1237, 1979
List the prime factors of 214850896.
2, 13, 17, 60761
What are the prime factors of 27388682?
2, 89, 151, 1019
What are the prime factors of 171370335?
3, 5, 233, 49033
What are the prime factors of 4432346559?
3, 61, 8073491
List the prime factors of 871581494.
2, 7, 62255821
What are the prime factors of 12669737?
71, 178447
What are the prime factors of 1079878554?
2, 3, 6665917
List the prime factors of 524430595.
5, 13, 8068163
List the prime factors of 298470077.
31, 9628067
List the prime factors of 3036536250.
2, 3, 5, 11, 73613
What are the prime factors of 254816038?
2, 397, 320927
What are the prime factors of 566352448?
2, 8849257
What are the prime factors of 405568597?
7, 41, 1413131
List the prime factors of 6213754868.
2, 191, 8133187
What are the prime factors of 8276885?
5, 1655377
List the prime factors of 60027383.
13, 97, 181, 263
What are the prime factors of 1574485732?
2, 393621433
What are the prime factors of 2273261770?
2, 5, 13, 2237, 7817
What are the prime factors of 1566334343?
7, 79, 293, 1381
What are the prime factors of 30058687?
479, 62753
List the prime factors of 533205967.
7, 101, 754181
List the prime factors of 335994147.
3, 167, 223549
What are the prime factors of 225657798?
2, 3, 797, 47189
What are the prime factors of 256483913?
7, 17, 2155327
What are the prime factors of 1656021599?
167, 9916297
What are the prime factors of 239204708?
2, 59801177
List the prime factors of 22619356.
2, 5654839
List the prime factors of 357076520.
2, 5, 223, 40031
What are the prime factors of 832535495?
5, 11, 15137009
What are the prime factors of 105074968?
2, 37, 354983
List the prime factors of 3244781768.
2, 8167, 49663
What are the prime factors of 155563036?
2, 38890759
List the prime factors of 202128148.
2, 50532037
What are the prime factors of 307154708?
2, 7, 17, 59, 10937
List the prime factors of 4610998907.
19, 10891, 22283
What are the prime factors of 3094851959?
83, 1327, 28099
What are the prime factors of 538383405?
3, 5, 7, 29, 176809
What are the prime factors of 62518287?
3, 13, 29, 167, 331
List the prime factors of 127986028.
2, 127, 251941
List the prime factors of 341568285.
3, 5, 23, 990053
List the prime factors of 74057190.
2, 3, 5, 1153, 2141
What are the prime factors of 144007357?
13, 17, 651617
What are the prime factors of 21329522?
2, 10664761
What are the prime factors of 35928338?
2, 17964169
List the prime factors of 427431621.
3, 487, 292561
What are the prime factors of 22549168?
2, 53, 26591
What are the prime factors of 5657999100?
2, 3, 5, 13, 31, 53, 883
What are the prime factors of 532442525?
5, 23, 925987
List the prime factors of 564075396.
2, 3, 53, 293, 1009
List the prime factors of 4908329893.
4297, 1142269
List the prime factors of 2924610277.
31, 37, 461, 5531
What are the prime factors of 512763133?
61, 941, 8933
What are the prime factors of 47534875?
5, 163, 2333
List the prime factors of 549312084.
2, 3, 29, 127, 1381
List the prime factors of 25030195.
5, 67, 74717
List the prime factors of 3779752525.
5, 251, 602351
List the prime factors of 799721006.
2, 7, 57122929
List the prime factors of 51572942.
2, 3191, 8081
What are the prime factors of 42906062?
2, 17, 1261943
What are the prime factors of 151128412?
2, 131, 288413
List the prime factors of 1822936033.
1822936033
What are the prime factors of 12135015?
3, 5, 19, 83
What are the prime factors of 562536460?
2, 5, 17, 1654519
What are the prime factors of 513106420?
2, 5, 31, 827591
List the prime factors of 376650307.
11, 719, 47623
What are the prime factors of 623955048?
2, 3, 103, 252409
What are the prime factors of 1718958830?
2, 5, 6079, 28277
What are the prime factors of 1572852557?
1572852557
What are the prime factors of 4050076493?
103, 39321131
List the prime factors of 6063488